
Calculate the highest common divisor of 82 and 533.
41
What is the highest common factor of 5688 and 553?
79
What is the highest common divisor of 434 and 280?
14
Calculate the highest common factor of 45 and 369.
9
Calculate the greatest common divisor of 342 and 18.
18
Calculate the highest common factor of 6 and 3726.
6
What is the greatest common factor of 2572 and 8?
4
Calculate the highest common factor of 3179 and 374.
187
Calculate the greatest common divisor of 8 and 2264.
8
What is the greatest common factor of 6851 and 51?
17
Calculate the greatest common divisor of 4 and 554.
2
Calculate the highest common factor of 9 and 2493.
9
What is the greatest common factor of 4644 and 48?
12
Calculate the greatest common factor of 4500 and 8.
4
What is the highest common divisor of 72 and 81?
9
Calculate the highest common factor of 11120 and 8.
8
What is the highest common factor of 50160 and 30?
30
What is the greatest common factor of 12563 and 17?
17
What is the highest common factor of 201 and 737?
67
Calculate the highest common factor of 28 and 29848.
28
What is the greatest common factor of 1537 and 106?
53
Calculate the greatest common factor of 350 and 2525.
25
Calculate the greatest common factor of 11 and 36.
1
What is the highest common factor of 33 and 8019?
33
What is the highest common factor of 76 and 95?
19
Calculate the highest common divisor of 9630 and 90.
90
Calculate the greatest common divisor of 272 and 104.
8
What is the highest common factor of 2205 and 45?
45
Calculate the highest common factor of 405 and 45.
45
What is the greatest common factor of 19614 and 42?
42
Calculate the greatest common factor of 50 and 250.
50
What is the highest common factor of 35 and 868?
7
Calculate the greatest common divisor of 1258 and 1998.
74
Calculate the highest common factor of 468 and 441.
9
Calculate the highest common factor of 27 and 1161.
27
What is the greatest common factor of 196 and 2842?
98
Calculate the greatest common factor of 5908 and 28.
28
Calculate the greatest common factor of 209 and 11.
11
Calculate the greatest common divisor of 34 and 6273.
17
Calculate the highest common divisor of 32 and 256.
32
What is the highest common divisor of 2259 and 15?
3
Calculate the highest common factor of 203 and 14.
7
What is the highest common divisor of 31 and 4?
1
What is the greatest common factor of 30 and 6915?
15
Calculate the highest common factor of 84 and 5166.
42
Calculate the greatest common factor of 5600 and 168.
56
Calculate the greatest common divisor of 549 and 244.
61
What is the highest common divisor of 993 and 3?
3
What is the highest common divisor of 174 and 22794?
174
Calculate the greatest common divisor of 204 and 51.
51
What is the highest common divisor of 3 and 6?
3
What is the highest common divisor of 104 and 494?
26
Calculate the greatest common divisor of 2316 and 12.
12
Calculate the greatest common divisor of 25905 and 30.
15
Calculate the greatest common divisor of 7 and 3514.
7
What is the greatest common factor of 45 and 35?
5
Calculate the highest common factor of 528 and 8.
8
What is the highest common factor of 180 and 13410?
90
What is the greatest common divisor of 1184 and 10?
2
Calculate the greatest common factor of 924 and 8.
4
What is the greatest common divisor of 26 and 494?
26
What is the highest common factor of 111 and 3?
3
What is the highest common factor of 4810 and 195?
65
What is the highest common divisor of 77 and 875?
7
Calculate the highest common factor of 110485 and 95.
95
What is the greatest common divisor of 159 and 636?
159
Calculate the greatest common divisor of 4 and 2174.
2
Calculate the greatest common factor of 426 and 18.
6
What is the greatest common divisor of 16 and 3568?
16
What is the greatest common factor of 18202 and 38?
38
What is the highest common factor of 159 and 106?
53
Calculate the highest common factor of 61 and 4453.
61
What is the highest common factor of 375 and 15?
15
What is the greatest common factor of 304 and 456?
152
What is the highest common factor of 7 and 3?
1
Calculate the highest common factor of 190 and 11590.
190
Calculate the highest common factor of 112 and 7.
7
Calculate the greatest common divisor of 24 and 36.
12
What is the highest common factor of 9 and 6849?
9
What is the greatest common divisor of 19 and 323?
19
Calculate the greatest common divisor of 1209 and 39.
39
Calculate the highest common factor of 1010 and 10.
10
Calculate the highest common factor of 48 and 192.
48
What is the greatest common factor of 84 and 49?
7
What is the highest common factor of 459 and 1323?
27
Calculate the highest common factor of 25 and 10825.
25
Calculate the highest common divisor of 4 and 1412.
4
Calculate the greatest common factor of 256 and 24.
8
What is the greatest common factor of 10325 and 59?
59
Calculate the highest common divisor of 80 and 490.
10
Calculate the highest common factor of 228 and 323.
19
Calculate the greatest common factor of 360 and 740.
20
Calculate the greatest common divisor of 1104 and 528.
48
What is the greatest common divisor of 17 and 4658?
17
Calculate the greatest common divisor of 8 and 56.
8
What is the highest common divisor of 380 and 260?
20
Calculate the greatest common factor of 181 and 2715.
181
Calculate the greatest common divisor of 48 and 984.
24
What is the greatest common divisor of 15 and 111?
3
Calculate the highest common factor of 36 and 60.
12
Calculate the greatest common factor of 12 and 5388.
12
Calculate the greatest common factor of 200 and 104.
8
What is the greatest common divisor of 320 and 96?
32
Calculate the highest common factor of 72 and 3816.
72
What is the greatest common factor of 352 and 11?
11
Calculate the greatest common divisor of 27 and 495.
9
What is the highest common factor of 2507 and 138?
23
What is the highest common divisor of 2916 and 234?
18
Calculate the highest common divisor of 12 and 8016.
12
Calculate the greatest common factor of 414 and 46.
46
What is the highest common divisor of 135 and 15?
15
Calculate the highest common factor of 2 and 1012.
2
What is the greatest common factor of 511 and 7?
7
What is the highest common divisor of 5088 and 168?
24
What is the highest common factor of 484 and 748?
44
Calculate the greatest common divisor of 759 and 330.
33
Calculate the greatest common factor of 88 and 7667.
11
Calculate the highest common factor of 1853 and 153.
17
Calculate the greatest common divisor of 7116 and 12.
12
What is the highest common divisor of 1767 and 992?
31
Calculate the greatest common divisor of 44 and 407.
11
Calculate the highest common factor of 86 and 3182.
86
What is the greatest common divisor of 30 and 615?
15
What is the greatest common divisor of 40 and 28?
4
Calculate the highest common factor of 45420 and 60.
60
What is the highest common factor of 700 and 30?
10
What is the greatest common divisor of 286 and 390?
26
Calculate the greatest common factor of 15 and 170.
5
Calculate the greatest common factor of 414 and 874.
46
What is the highest common divisor of 3740 and 20?
20
Calculate the greatest common divisor of 7 and 175.
7
What is the highest common divisor of 11 and 22?
11
What is the highest common divisor of 481 and 26?
13
What is the highest common factor of 2 and 4?
2
What is the greatest common divisor of 4980 and 60?
60
Calculate the greatest common factor of 27 and 51.
3
What is the greatest common factor of 34 and 5542?
34
Calculate the highest common factor of 120 and 140.
20
Calculate the greatest common factor of 220 and 5555.
55
What is the highest common factor of 9 and 1170?
9
Calculate the highest common divisor of 150 and 6825.
75
What is the greatest common factor of 9 and 144?
9
What is the greatest common divisor of 3024 and 108?
108
Calculate the greatest common factor of 196 and 28.
28
Calculate the greatest common factor of 175 and 35.
35
What is the highest common factor of 3904 and 608?
32
What is the greatest common factor of 84 and 112?
28
Calculate the highest common factor of 265 and 10.
5
What is the highest common factor of 22 and 1067?
11
Calculate the greatest common divisor of 388 and 485.
97
What is the highest common factor of 72 and 40?
8
